Let n(l) = -l**2 - 15*l + 1. What is n(-15)?
1
Let s(z) = -7*z + 78. Calculate s(12).
-6
Let r(b) = -6*b - 7. What is r(-8)?
41
Let o(p) = -p**3 - 6*p**2 + 2*p - 12. Give o(0).
-12
Let u(i) = 7*i**3 + i**2 - i - 1. Determine u(1).
6
Let x(a) = -9*a - 72. What is x(-14)?
54
Let i(l) = 5*l**2 - 2*l + 2. Give i(1).
5
Let c(d) = d**3 - 23*d**2 - 3*d + 47. Determine c(23).
-22
Let b(f) = 3*f - 18. What is b(6)?
0
Let p(t) = 7*t - 14. What is p(-1)?
-21
Let t(b) = -48*b**2 + 2. Give t(-1).
-46
Let s(u) = -2*u**2 - u - 1. What is s(3)?
-22
Let t(k) = -3*k - 1. Give t(-1).
2
Let h(v) = v**2 - 7*v - 36. Calculate h(8).
-28
Let w(g) = g**3 - 30*g**2 + 28*g + 75. Determine w(29).
46
Let s(u) = -12*u**3 - 4*u + 2. Calculate s(1).
-14
Let s(o) = 2*o**2 - 27*o - 15. Calculate s(14).
-1
Let z(w) = 4*w - 106. Give z(24).
-10
Let r(m) = m**3 + 21*m**2 - 21*m - 10. Calculate r(-22).
-32
Let g(f) = f**3 - 6*f**2 + 4*f - 5. Calculate g(5).
-10
Let h(k) = -k**3 - 15*k**2 - 14*k - 13. Determine h(-14).
-13
Let k(i) = 30*i. Determine k(0).
0
Let m(k) = -k**3 + 7*k**2 - k - 3. Determine m(2).
15
Let c(u) = u**3 - 11*u**2 + 4*u + 59. Give c(10).
-1
Let w(j) = j**2 - 5*j - 22. Determine w(10).
28
Let l(x) = -x**3 - 9*x**2 + 11*x + 3. Calculate l(-10).
-7
Let a(b) = -2*b**3 - 14*b**2 - 7*b - 10. Determine a(-6).
-40
Let d(a) = -a**3 + 4*a**2 - a - 3. Calculate d(4).
-7
Let c(b) = 56*b + 1. Determine c(-1).
-55
Let l(u) = -u**3 + 8*u**2 - 12*u. What is l(5)?
15
Let u(b) = 11*b + 3. Determine u(2).
25
Let z(t) = -t**3 + 3*t**2 - 5*t + 15. Calculate z(4).
-21
Let d(h) = -h**2 - 21*h + 148. Give d(-27).
-14
Let x(t) = t**2 + 21*t + 42. Determine x(-19).
4
Let z(q) = q**3 - 7*q**2 - 20*q + 89. Determine z(8).
-7
Let o(f) = 2*f**2 + f - 14. What is o(0)?
-14
Let g(o) = -o**3 + 3*o**2 + 4*o - 1. Calculate g(4).
-1
Let t(m) = 10*m - 30. What is t(3)?
0
Let s(b) = b**3 + 8*b**2 + 7. Give s(-8).
7
Let m(t) = -t**3 + 10*t**2 - t + 16. Calculate m(10).
6
Let c(h) = h**3 - 21*h**2 - 21*h - 7. Calculate c(22).
15
Let a(q) = -3*q**3 - q**2 - 2*q - 4. What is a(-2)?
20
Let v(p) = -p**2 + 47*p + 9. Give v(47).
9
Let p(d) = -d**3 - 11*d**2 - 14*d - 15. Determine p(-10).
25
Let h(o) = -2*o**2 + 2*o + 2. Determine h(3).
-10
Let z(v) = v - 28. Give z(3).
-25
Let y(j) = -j**3 - 5*j**2 + 5*j + 10. Give y(-5).
-15
Let g(p) = 25*p + 2. Calculate g(-2).
-48
Let r(m) = -m**3 - 8*m**2 + 7*m + 4. Determine r(-8).
-52
Let s(i) = -i**2 - 2*i + 1. Determine s(-6).
-23
Let g(v) = -v**2 + 18*v + 44. Give g(20).
4
Let s(c) = -c**3 + 6*c - 3. What is s(2)?
1
Let m(u) = u + 15. Determine m(-7).
8
Let l(v) = -v**2 + 17*v - 33. Calculate l(15).
-3
Let y(h) = h**3 - 5*h**2 - 22*h - 2. Calculate y(-3).
-8
Let b(w) = -2*w**2 + 100*w - 191. Give b(48).
1
Let f(z) = -3*z + 40. Determine f(10).
10
Let d(m) = -m**2 + m - 18. Give d(0).
-18
Let i(r) = -r**2 + 22*r + 50. What is i(25)?
-25
Let y(h) = h**2 - h - 4. Give y(-7).
52
Let j(t) = -3*t - 58. What is j(0)?
-58
Let k(q) = -2*q**2 - 13*q - 2. Give k(-9).
-47
Let r(s) = -9*s - 102. Calculate r(-13).
15
Let m(h) = -h**3 + 12*h**2 + 2*h - 8. Determine m(12).
16
Let b(u) = u + 37. Calculate b(-34).
3
Let g(s) = 2*s**2 - 9*s + 7. Determine g(3).
-2
Let v(a) = -a**2 - 3*a. Give v(3).
-18
Let g(x) = x**2 + 9*x + 18. Determine g(-9).
18
Let b(k) = k**2 + 13*k + 35. Calculate b(-5).
-5
Let c(q) = -q**2 + 9*q + 7. Calculate c(6).
25
Let t(f) = f**2 + 21*f + 78. What is t(-13)?
-26
Let j(r) = 2*r**2 - 5*r + 6. What is j(3)?
9
Let b(n) = -2*n**2 + n - 1. Determine b(-2).
-11
Let l(z) = 7*z + 12. Give l(-5).
-23
Let b(d) = -d**3 + 6*d**2 + 6*d + 2. Give b(6).
38
Let w(c) = -2*c - 22. What is w(-15)?
8
Let x(b) = -2*b**2 + 14*b + 1. Determine x(7).
1
Let u(o) = -o**2 + 19*o - 39. What is u(16)?
9
Let d(z) = z**2 - 27*z - 57. What is d(29)?
1
Let x(m) = m**2 + 79*m + 380. Calculate x(-5).
10
Let i(v) = 6*v**2 - 3*v + 1. Give i(2).
19
Let h(b) = -b**2 + 18*b - 1. What is h(18)?
-1
Let v(i) = -12*i**3 - 3*i**2 + 2*i. What is v(1)?
-13
Let n(f) = -f**2 - 12*f - 7. Calculate n(-11).
4
Let i(a) = -a**2 + 2*a + 63. What is i(-6)?
15
Let i(n) = n**3 + 2*n**2 - 2*n + 3. Give i(-3).
0
Let l(v) = -42*v + 6. Give l(2).
-78
Let w(g) = g**3 + 5*g**2 + 8*g + 4. Give w(-5).
-36
Let k(s) = -s**2 - 6*s + 18. What is k(-8)?
2
Let r(b) = 2*b**3 - b**2 + 4*b - 3. Determine r(2).
17
Let g(z) = -2*z**2 - 87*z - 45. What is g(-43)?
-2
Let t(k) = -4*k - 3. Give t(-3).
9
Let d(r) = -r + 22. Determine d(24).
-2
Let c(v) = v**3 + v**2 + v - 3. Calculate c(0).
-3
Let k(b) = 3*b**2 - 30*b - 10. What is k(10)?
-10
Let n(x) = -x - 9. Determine n(-7).
-2
Let x(t) = 42*t**2 - 3*t - 4. Calculate x(-1).
41
Let i(f) = -4*f**2 - 55*f - 88. Determine i(-12).
-4
Let h(v) = -v - 10. Determine h(0).
-10
Let z(c) = 7*c + 3. Give z(-6).
-39
Let c(t) = 3*t - 4. Determine c(-4).
-16
Let b(a) = a**2 + 15*a + 7. Calculate b(-6).
-47
Let i(b) = b**3 - 8*b**2 + 11*b. Give i(6).
-6
Let p(u) = -u**3 + 74*u**2 + 81*u - 458. Calculate p(75).
-8
Let z(f) = f**3 - 10*f**2 - f - 4. Give z(10).
-14
Let k(d) = 7*d + 79. Calculate k(-8).
23
Let v(r) = -10*r**2 - 98*r + 24. Calculate v(-10).
4
Let m(q) = -2*q**3 + q**2 - 10*q + 27. Calculate m(2).
-5
Let c(z) = z**3 - 24*z - 8. Give c(-5).
-13
Let c(h) = -h**3 + 10*h**2 + 9*h + 18. Determine c(11).
-4
Let i(u) = -3*u - 35. Determine i(-10).
-5
Let k(m) = m - 15. What is k(12)?
-3
Let h(y) = -3*y**2 + 18*y - 29. Calculate h(3).
-2
Let b(v) = v**2 + 8*v - 48. What is b(-12)?
0
Let u(j) = -13*j + 3. Calculate u(4).
-49
Let s(p) = -2*p**3 - 4*p**2 + 8*p + 8. What is s(-5)?
118
Let s(l) = -l**2 + 15*l + 395. Determine s(29).
-11
Let d(x) = 2*x**3 - x**2 - 74. Give d(0).
-74
Let o(w) = -w + 3. Calculate o(6).
-3
Let i(c) = -4*c - 230. Give i(-59).
6
Let c(q) = 12*q**3 - q**2 + q. What is c(1)?
12
Let b(d) = 2*d - 16. What is b(10)?
4
Let y(x) = -x**3 - 8*x**2 + x - 16. Give y(-8).
-24
Let v(f) = f**3 - 7*f**2 + 5*f + 4. Determine v(6).
-2
Let x(v) = -v**3 + 7*v**2 - 14*v + 41. Give x(6).
-7
Let u(q) = q**3 + 8*q**2 + 10*q - 13. What is u(-6)?
-1
Let v(f) = -20*f + 73. What is v(4)?
-7
Let y(z) = -z**2 - 2*z - 3. What is y(-3)?
-6
Let l(h) = -h**3 - 23*h**2 - 30*h - 48. Calculate l(-22).
128
Let c(f) = f**3 - 3*f**2 + 7*f - 7. Calculate c(5).
78
Let o(f) = -2*f**2 + 45*f - 16. Give o(20).
84
Let d(j) = j**3 - 5*j**2 - 14*j + 42. Determine d(6).
-6
Let o(r) = -r**3 - 5*r**2 + 4*r - 1. Calculate o(-6).
11
Let n(t) = 4*t**2 + 2*t - 1. Give n(1).
5
Let w(p) = p**2 - 12*p + 11. Determine w(7).
-24
Let d(q) = -q**3 - 4*q**2 - 2*q - 1. What is d(-3)?
-4
Let q(z) = -z**2 - 11*z - 26. Give q(-7).
2
Let i(z) = 12*z + 198. Give i(-17).
-6
Let m(n) = 22*n + 6. What is m(3)?
72
Let p(w) = w**2 + 10*w - 75. Determine p(5).
0
Let z(b) = -b**3 - 25*b**2 + 54*b + 1. Determine z(-27).
1
Let d(b) = 17*b**2 - 3*b + 4. What is d(1)?
18
Let y(f) = 3*f + 32. Determine y(-7).
11
Let z(v) = 50*v**3 - 4*v - 4. Give z(-1).
-50
Let l(w) = -w**3 + 10*w**2 + 3*w - 38. What is l(10)?
-8
Let z(p) = p**2 + 11*p - 58. Calculate z(5).
22
Let w(u) = u**2 + 15*u + 8. Determine w(-14).
-6
Let b(m) = 28*m**3 - 2*m - 1. Determine b(-1).
-27
Let g(n) = -n**2 + 13*n + 2. Calculate g(10).
32
Let d(w) = w**3 + 8*w**2 + 11*w - 6. Give d(-6).
0
Let k(l) = -l - 2. Calculate k(-4).
2
Let v(f) = 2*f**3 - 28*f**2 + 3*f - 42. Give v(14).
0
Let v(n) = 6*n - 11. What is v(4)?
13
Let h(s) = -s**2 + 11*s - 22. Calculate h(9).
-4
Let w(i) = -i**3 - 4*i**2 + 4*i. Calculate w(-3).
-21
Let o(l) = -7*l**2 + 5*l - 3. Determine o(3).
-51
Let m(i) = -2*i + 5. Give m(5).
-5
Let u(b) = -b**2 - 11*b + 13. Calculate u(-13).
-13
Let y(b) = -238*b + 481. What is y(2)?
5
Let h(r) = 3*r**2 - 64*r - 50. Determine h(22).
-6
Let z(u) = -u**3 + 8*u**2 - 15*u + 22. Calculate z(6).
4
Let y(g) = g**2 + 26*g - 1. Determine y(-20).
-121
Let a(j) = -2*j - 20. Give a(-12).
4
Let a(c) = 5*c - 15. Determine a(-6).
-45
Let f(v) = 2*v**2 + 3*v - 1. Calculate f(5).
64
Let l(d) = -d**3 - 3*d**2 + 6*d + 11. What is l(-3)?
-7
Let c(q) = -q**2 + q + 3. Determine c(0).
3
Let c(j) = 2*j**3 + 9*j**2 - 2*j - 4. Give c(-4).
20
Let h(m) = -4*m + 17. Calculate h(5).
-3
Let q(r) = r**2 - 7*r + 4. What is q(6)?
-2
Let b(m) = -10*m + 10. Give b(-4).
50
Let p(t) = -2*t**3 + 15*t**2 + 9*